{"id":30,"date":"2015-09-22T12:34:11","date_gmt":"2015-09-22T12:34:11","guid":{"rendered":"http:\/\/ciedesogres.com\/wdp1\/?page_id=30"},"modified":"2017-10-30T11:22:25","modified_gmt":"2017-10-30T11:22:25","slug":"le-spectacle-ogres","status":"publish","type":"page","link":"https:\/\/ciedesogres.com\/wdp1\/le-spectacle-ogres\/","title":{"rendered":"Ogres"},"content":{"rendered":"<p><iframe loading=\"lazy\" src=\"https:\/\/player.vimeo.com\/video\/232234671\" width=\"640\" height=\"360\" frameborder=\"0\" allowfullscreen=\"allowfullscreen\"><\/iframe><\/p>\n<p><a href=\"https:\/\/vimeo.com\/232234671\">OGRES teaser<\/a> from <a href=\"https:\/\/vimeo.com\/ciedesogres\">Compagnie des Ogres<\/a> on <a href=\"https:\/\/vimeo.com\">Vimeo<\/a>.<\/p>\n<p style=\"text-align: justify;\"><em>Ogres<\/em> propose un voyage au c\u0153ur de l\u2019homophobie, aujourd&rsquo;hui dans le monde. De la France \u00e0 la Russie, de l&rsquo;Ouganda \u00e0 l&rsquo;Iran \u2013 en passant par la Bulgarie, l&rsquo;Afrique du Sud, le Cameroun, la Gr\u00e8ce, le Br\u00e9sil, la Roumanie, la Cor\u00e9e du Sud, les Pays-Bas \u2013 ce texte dresse un \u00e9tat des lieux d&rsquo;une discrimination qui exclut socialement, qui tue directement ou indirectement, qui existe sous toutes sortes de formes et dont toutes les formes provoquent douleurs et souffrances.<\/p>\n<p style=\"text-align: justify;\"><em>Ogres<\/em> d\u00e9bute avec l&rsquo;agression de Benjamin, tortur\u00e9 et laiss\u00e9 pour mort dans un bois de Normandie. La sc\u00e8ne nous est racont\u00e9e, comme une cam\u00e9ra embarqu\u00e9e, au travers du regard de l&rsquo;un de ses agresseurs. On suit comme un fil rouge, entre les cas trait\u00e9s, l&rsquo;histoire de Benjamin, jusqu&rsquo;au proc\u00e8s qui condamne ses agresseurs. Le long de ce chemin, il est accompagn\u00e9 par Yoan, jeune militant LGBT qui lui apporte soutien et \u00e9coute. Au total, 28 sc\u00e8nes et 14 destinations o\u00f9 se confrontent les points de vues des victimes, des agresseurs, des familles, des t\u00e9moins, des commentateurs.<\/p>\n<p style=\"text-align: justify;\">Au milieu de l\u2019horreur, de la torture et de l&rsquo;incoh\u00e9rence, sous la cro\u00fbte des plaies, ce qui n&rsquo;est jamais\u00e9radiqu\u00e9, tu\u00e9 ou \u00e9touff\u00e9, c&rsquo;est l&rsquo;amour \u2013 celui d&rsquo;Eshan et d&rsquo;Ali, condamn\u00e9s \u00e0 mort en Iran \u2013 c&rsquo;est l&rsquo;espoir \u2013 celui de Tara, jeune Ougandaise en proc\u00e9dure de demande d&rsquo;asile aux Pays-Bas \u2013 c&rsquo;est le courage \u2013 celui de Luka, lyc\u00e9en russe de la ville de Sotchi.<\/p>\n<p><span style=\"border-radius: 2px; text-indent: 20px; width: auto; padding: 0px 4px 0px 0px; text-align: center; font: bold 11px\/20px 'Helvetica Neue',Helvetica,sans-serif; color: #ffffff; background: #bd081c  no-repeat scroll 3px 50% \/ 14px 14px; position: absolute; opacity: 1; z-index: 8675309; display: none; cursor: pointer; top: 27px; left: 20px;\">Enregistrer<\/span><\/p>\n","protected":false},"excerpt":{"rendered":"<p>OGRES teaser from Compagnie des Ogres on Vimeo. Ogres propose un voyage au c\u0153ur de l\u2019homophobie, aujourd&rsquo;hui dans le monde. De la France \u00e0 la Russie, de l&rsquo;Ouganda \u00e0 l&rsquo;Iran \u2013 en passant par la Bulgarie, l&rsquo;Afrique du Sud, le Cameroun, la Gr\u00e8ce, le Br\u00e9sil, la Roumanie, la Cor\u00e9e du Sud, les Pays-Bas \u2013 ce &hellip; <a href=\"https:\/\/ciedesogres.com\/wdp1\/le-spectacle-ogres\/\" class=\"more-link\">Continuer la lecture de <span class=\"screen-reader-text\">Ogres<\/span>  <span class=\"meta-nav\">&rarr;<\/span><\/a><\/p>\n","protected":false},"author":1,"featured_media":0,"parent":0,"menu_order":0,"comment_status":"closed","ping_status":"closed","template":"","meta":{"footnotes":""},"class_list":["post-30","page","type-page","status-publish","hentry"],"_links":{"self":[{"href":"https:\/\/ciedesogres.com\/wdp1\/wp-json\/wp\/v2\/pages\/30","targetHints":{"allow":["GET"]}}],"collection":[{"href":"https:\/\/ciedesogres.com\/wdp1\/wp-json\/wp\/v2\/pages"}],"about":[{"href":"https:\/\/ciedesogres.com\/wdp1\/wp-json\/wp\/v2\/types\/page"}],"author":[{"embeddable":true,"href":"https:\/\/ciedesogres.com\/wdp1\/wp-json\/wp\/v2\/users\/1"}],"replies":[{"embeddable":true,"href":"https:\/\/ciedesogres.com\/wdp1\/wp-json\/wp\/v2\/comments?post=30"}],"version-history":[{"count":10,"href":"https:\/\/ciedesogres.com\/wdp1\/wp-json\/wp\/v2\/pages\/30\/revisions"}],"predecessor-version":[{"id":1217,"href":"https:\/\/ciedesogres.com\/wdp1\/wp-json\/wp\/v2\/pages\/30\/revisions\/1217"}],"wp:attachment":[{"href":"https:\/\/ciedesogres.com\/wdp1\/wp-json\/wp\/v2\/media?parent=30"}],"curies":[{"name":"wp","href":"https:\/\/api.w.org\/{rel}","templated":true}]}}