{"id":1931,"date":"2021-03-02T12:33:45","date_gmt":"2021-03-02T12:33:45","guid":{"rendered":"http:\/\/ciedesogres.com\/wdp1\/?page_id=1931"},"modified":"2021-03-02T12:33:45","modified_gmt":"2021-03-02T12:33:45","slug":"eva-manin","status":"publish","type":"page","link":"https:\/\/ciedesogres.com\/wdp1\/eva-manin\/","title":{"rendered":"<p style=\"text-align: center;\">EVA MANIN<\/p>"},"content":{"rendered":"\n<ul class=\"wp-block-gallery columns-1 is-cropped wp-block-gallery-1 is-layout-flex wp-block-gallery-is-layout-flex\"><li class=\"blocks-gallery-item\"><figure><img loading=\"lazy\" decoding=\"async\" width=\"1020\" height=\"1024\" src=\"https:\/\/ciedesogres.com\/wdp1\/wp-content\/uploads\/2021\/03\/Eva-arbre-1-1020x1024.jpg\" alt=\"\" data-id=\"1932\" data-link=\"https:\/\/ciedesogres.com\/wdp1\/?attachment_id=1932\" class=\"wp-image-1932\" srcset=\"https:\/\/ciedesogres.com\/wdp1\/wp-content\/uploads\/2021\/03\/Eva-arbre-1-1020x1024.jpg 1020w, https:\/\/ciedesogres.com\/wdp1\/wp-content\/uploads\/2021\/03\/Eva-arbre-1-150x150.jpg 150w, https:\/\/ciedesogres.com\/wdp1\/wp-content\/uploads\/2021\/03\/Eva-arbre-1-300x300.jpg 300w, https:\/\/ciedesogres.com\/wdp1\/wp-content\/uploads\/2021\/03\/Eva-arbre-1-768x771.jpg 768w\" sizes=\"auto, (max-width: 1020px) 100vw, 1020px\" \/><\/figure><\/li><\/ul>\n\n\n\n<p>Eva Manin se forme \u00e0 l\u2019universit\u00e9 de Poitiers, au master Assistanat \u00e0 la mise en sc\u00e8ne et dramaturgie th\u00e9\u00e2trale. Elle met en sc\u00e8ne plusieurs pi\u00e8ces et installations performatives, dont<em> Le Camp des Malheureux <\/em>de Thibault Fayner en 2013 et <em>Yggdrasil <\/em>avec la Compagnie Ellipse en 2015.<\/p>\n\n\n\n<p>Elle se forme en tant que danseuse aupr\u00e8s d\u2019Isabelle Lamothe puis de Sylvie Klinger, et participe aux spectacles<em> Black bodies, human flesh<\/em> de Vincent Guillaume en 2012, <em>Front contre front <\/em>et <em>A mon seul d\u00e9sir <\/em>de Ga\u00eblle Bourges en 2015 et 2016, <em>Le Vol du H\u00e9ron<\/em> de Barbara Coutant en 2015, et <em>22 castors front contre front <\/em>de Ga\u00eblle Bourges, Jonathan Drillet, Mickael Phelippeau et Marl\u00e8ne Saldana en 2020.<\/p>\n\n\n\n<p> Depuis 2015 elle collabore avec la Compagnie des Ogres en tant qu\u2019administratrice et charg\u00e9e de production. Elle accompagne \u00e9galement des compagnies d\u2019arts vivants comme la Cie Olaf Lin\u00cbsky dont elle est la pr\u00e9sidente.<\/p>\n\n\n\n<p>Depuis 2019 elle pratique la danse verticale et la danse dans les arbres, notamment aupr\u00e8s de la Cie Retouramont, de la Cie Les T\u00eates B\u00e8ches et de Magdalena Bahamondes \/ Cie Cuerpo Libre.<\/p>\n\n\n\n<p>Actuellement, elle se forme en tant d\u2019Educatrice \u00e0 la Grimpe d\u2019Arbres, afin de pouvoir accompagner le public dans des activit\u00e9s de grimpe et de danse dans les arbres.<\/p>\n","protected":false},"excerpt":{"rendered":"<p>Eva Manin se forme \u00e0 l\u2019universit\u00e9 de Poitiers, au master Assistanat \u00e0 la mise en sc\u00e8ne et dramaturgie th\u00e9\u00e2trale. Elle met en sc\u00e8ne plusieurs pi\u00e8ces et installations performatives, dont Le Camp des Malheureux de Thibault Fayner en 2013 et Yggdrasil avec la Compagnie Ellipse en 2015. Elle se forme en tant que danseuse aupr\u00e8s d\u2019Isabelle &hellip; <a href=\"https:\/\/ciedesogres.com\/wdp1\/eva-manin\/\" class=\"more-link\">Continuer la lecture de <span class=\"screen-reader-text\"><\/p>\n<p style=\"text-align: center;\">EVA MANIN<\/p>\n<p><\/span>  <span class=\"meta-nav\">&rarr;<\/span><\/a><\/p>\n","protected":false},"author":1,"featured_media":0,"parent":0,"menu_order":0,"comment_status":"closed","ping_status":"closed","template":"","meta":{"footnotes":""},"class_list":["post-1931","page","type-page","status-publish","hentry"],"_links":{"self":[{"href":"https:\/\/ciedesogres.com\/wdp1\/wp-json\/wp\/v2\/pages\/1931","targetHints":{"allow":["GET"]}}],"collection":[{"href":"https:\/\/ciedesogres.com\/wdp1\/wp-json\/wp\/v2\/pages"}],"about":[{"href":"https:\/\/ciedesogres.com\/wdp1\/wp-json\/wp\/v2\/types\/page"}],"author":[{"embeddable":true,"href":"https:\/\/ciedesogres.com\/wdp1\/wp-json\/wp\/v2\/users\/1"}],"replies":[{"embeddable":true,"href":"https:\/\/ciedesogres.com\/wdp1\/wp-json\/wp\/v2\/comments?post=1931"}],"version-history":[{"count":1,"href":"https:\/\/ciedesogres.com\/wdp1\/wp-json\/wp\/v2\/pages\/1931\/revisions"}],"predecessor-version":[{"id":1933,"href":"https:\/\/ciedesogres.com\/wdp1\/wp-json\/wp\/v2\/pages\/1931\/revisions\/1933"}],"wp:attachment":[{"href":"https:\/\/ciedesogres.com\/wdp1\/wp-json\/wp\/v2\/media?parent=1931"}],"curies":[{"name":"wp","href":"https:\/\/api.w.org\/{rel}","templated":true}]}}

<ul class="wp-block-gallery columns-1 is-cropped wp-block-gallery-1 is-layout-flex wp-block-gallery-is-layout-flex"><li class="blocks-gallery-item"><figure><img loading="lazy" decoding="async" width="1020" height="1024" src="https://ciedesogres.com/wdp1/wp-content/uploads/2021/03/Eva-arbre-1-1020x1024.jpg" alt="" data-id="1932" data-link="https://ciedesogres.com/wdp1/?attachment_id=1932" class="wp-image-1932" srcset="https://ciedesogres.com/wdp1/wp-content/uploads/2021/03/Eva-arbre-1-1020x1024.jpg 1020w, https://ciedesogres.com/wdp1/wp-content/uploads/2021/03/Eva-arbre-1-150x150.jpg 150w, https://ciedesogres.com/wdp1/wp-content/uploads/2021/03/Eva-arbre-1-300x300.jpg 300w, https://ciedesogres.com/wdp1/wp-content/uploads/2021/03/Eva-arbre-1-768x771.jpg 768w" sizes="auto, (max-width: 1020px) 100vw, 1020px" /></figure></li></ul>



<p>Eva Manin se forme à l’université de Poitiers, au master Assistanat à la mise en scène et dramaturgie théâtrale. Elle met en scène plusieurs pièces et installations performatives, dont<em> Le Camp des Malheureux </em>de Thibault Fayner en 2013 et <em>Yggdrasil </em>avec la Compagnie Ellipse en 2015.</p>



<p>Elle se forme en tant que danseuse auprès d’Isabelle Lamothe puis de Sylvie Klinger, et participe aux spectacles<em> Black bodies, human flesh</em> de Vincent Guillaume en 2012, <em>Front contre front </em>et <em>A mon seul désir </em>de Gaëlle Bourges en 2015 et 2016, <em>Le Vol du Héron</em> de Barbara Coutant en 2015, et <em>22 castors front contre front </em>de Gaëlle Bourges, Jonathan Drillet, Mickael Phelippeau et Marlène Saldana en 2020.</p>



<p> Depuis 2015 elle collabore avec la Compagnie des Ogres en tant qu’administratrice et chargée de production. Elle accompagne également des compagnies d’arts vivants comme la Cie Olaf LinËsky dont elle est la présidente.</p>



<p>Depuis 2019 elle pratique la danse verticale et la danse dans les arbres, notamment auprès de la Cie Retouramont, de la Cie Les Têtes Bèches et de Magdalena Bahamondes / Cie Cuerpo Libre.</p>



<p>Actuellement, elle se forme en tant d’Educatrice à la Grimpe d’Arbres, afin de pouvoir accompagner le public dans des activités de grimpe et de danse dans les arbres.</p>

<p>Eva Manin se forme à l’université de Poitiers, au master Assistanat à la mise en scène et dramaturgie théâtrale. Elle met en scène plusieurs pièces et installations performatives, dont Le Camp des Malheureux de Thibault Fayner en 2013 et Yggdrasil avec la Compagnie Ellipse en 2015. Elle se forme en tant que danseuse auprès d’Isabelle &hellip; <a href="https://ciedesogres.com/wdp1/eva-manin/" class="more-link">Continuer la lecture de <span class="screen-reader-text"></p>
<p style="text-align: center;">EVA MANIN</p>
<p></span>  <span class="meta-nav">&rarr;</span></a></p>
