{"id":1123,"date":"2017-09-15T17:54:16","date_gmt":"2017-09-15T17:54:16","guid":{"rendered":"http:\/\/ciedesogres.com\/wdp1\/?page_id=1123"},"modified":"2020-10-20T10:18:33","modified_gmt":"2020-10-20T10:18:33","slug":"digital-natives","status":"publish","type":"page","link":"https:\/\/ciedesogres.com\/wdp1\/digital-natives\/","title":{"rendered":"DIGITAL NATIVES"},"content":{"rendered":"<figure id=\"attachment_1279\" aria-describedby=\"caption-attachment-1279\" style=\"width: 2600px\" class=\"wp-caption aligncenter\"><img loading=\"lazy\" decoding=\"async\" class=\"wp-image-1279 size-full\" src=\"https:\/\/ciedesogres.com\/wdp1\/wp-content\/uploads\/2018\/01\/Digital-Natives-4.jpg\" alt=\"\" width=\"2600\" height=\"1733\" srcset=\"https:\/\/ciedesogres.com\/wdp1\/wp-content\/uploads\/2018\/01\/Digital-Natives-4.jpg 2600w, https:\/\/ciedesogres.com\/wdp1\/wp-content\/uploads\/2018\/01\/Digital-Natives-4-300x200.jpg 300w, https:\/\/ciedesogres.com\/wdp1\/wp-content\/uploads\/2018\/01\/Digital-Natives-4-768x512.jpg 768w, https:\/\/ciedesogres.com\/wdp1\/wp-content\/uploads\/2018\/01\/Digital-Natives-4-1024x683.jpg 1024w\" sizes=\"auto, (max-width: 2600px) 100vw, 2600px\" \/><figcaption id=\"caption-attachment-1279\" class=\"wp-caption-text\">Digital Natives &#8211; cr\u00e9ation \u00e0 la Fabrique de Valence &#8211; janvier 2018<\/figcaption><\/figure>\n<p style=\"text-align: justify;\"><em>Spectacle \u00e0 partir de 9 ans<\/em><\/p>\n<p style=\"text-align: justify;\">Sofia d\u00e9cide de fuguer avec Lyne, une fille de son coll\u00e8ge, pour retrouver son p\u00e8re. Elles r\u00eavent toutes les deux d\u2019une vie diff\u00e9rente. Sofia est une fille populaire dont la m\u00e8re partage le quotidien sur les r\u00e9seaux sociaux depuis la naissance. Lyne est une fille r\u00e9serv\u00e9e, maladroite, qui a peu confiance en elle. Le soir du d\u00e9part, elles ratent le dernier bus.\u00a0Elles passent alors la nuit \u00e0 se confier l\u2019une \u00e0 l\u2019autre, \u00e0 discuter du rapport qu\u2019elles entretiennent avec les images, leurs parents, la construction de leur identit\u00e9\u2026<\/p>\n<p style=\"text-align: justify;\">Cette saison, la Com\u00e9die de Valence a pass\u00e9 commande \u00e0 Yann Verburgh et Eugen Jebeleanu d&rsquo;une Controverse 9-13 ans. Les Controverses sont des cr\u00e9ations n\u00e9es d&rsquo;un besoin de d\u00e9bat et de transmission autour d&rsquo;une question qui agite la soci\u00e9t\u00e9. Depuis trois ans les th\u00e9matiques propos\u00e9es sont ax\u00e9es autour du num\u00e9rique dans le but de d\u00e9velopper l&rsquo;esprit critique du jeune publique face \u00e0 l&rsquo;utilisation des nouvelles technologies. Dans ce cadre donn\u00e9, Yann Verburgh et Eugen Jebeleanu ont d\u00e9cid\u00e9 de s&rsquo;attaquer au \u00absharenting\u00bb, n\u00e9ologisme anglo-saxon qui associe sharing (partage) et parenting (parental). Le sharenting traduit l&rsquo;obsession narcissique des parents de vouloir partager le quotidien de leurs enfants sur les r\u00e9seaux sociaux, comme ils partagent le leur. Consid\u00e9r\u00e9 comme un acte anodin, cet \u00e9talage n&rsquo;est pourtant pas sans danger.<\/p>\n<p><strong>Texte<\/strong> <a href=\"https:\/\/ciedesogres.com\/wdp1\/yann-verburgh\/\" target=\"_blank\" rel=\"noopener noreferrer\">Yann Verburgh<\/a><br \/>\n<strong>Mise en sc\u00e8ne<\/strong> <a href=\"https:\/\/ciedesogres.com\/wdp1\/eugen-jebeleanu\/\" target=\"_blank\" rel=\"noopener noreferrer\">Eugen Jebeleanu<\/a><br \/>\n<strong>Avec<\/strong> Ad\u00e8le Gascuel, Ad\u00e8le Grasset et la voix de <a href=\"https:\/\/ciedesogres.com\/wdp1\/gautier-boxebeld\/\" target=\"_blank\" rel=\"noopener noreferrer\">Gautier Boxebeld<\/a><br \/>\n<strong>Cr\u00e9ation et r\u00e9gie lumi\u00e8re <\/strong>Nicolas Diaz<br \/>\n<strong>Cr\u00e9ation sonore<\/strong> Cl\u00e9ment Rousseaux<br \/>\n<strong>Costumes<\/strong> Dominique Fournier<br \/>\n<strong><span class=\"m_5309142779764881952text_exposed_show\">R\u00e9gie son <\/span><\/strong><span class=\"m_5309142779764881952text_exposed_show\">J\u00e9r\u00e9mie Galifet<br \/>\n<\/span><strong><span class=\"m_5309142779764881952text_exposed_show\">Electricienne<\/span><\/strong><span class=\"m_5309142779764881952text_exposed_show\"> C\u00e9cile Chansard<br \/>\n<\/span><strong><span class=\"m_5309142779764881952text_exposed_show\">R\u00e9gie g\u00e9n\u00e9rale<\/span><\/strong><span class=\"m_5309142779764881952text_exposed_show\"> Marc Couffignal<br \/>\n<\/span><strong><span class=\"m_5309142779764881952text_exposed_show\">Photos<\/span><\/strong><span class=\"m_5309142779764881952text_exposed_show\"> Julien Meffre\u00a0<\/span><\/p>\n<p><strong>Production <\/strong><a href=\"http:\/\/www.comediedevalence.com\/creations-et-productions\/pages-creations-et-productions\/digital-natives\/\">La Com\u00e9die de Valence<\/a>, CDN Dr\u00f4me-Ard\u00e8che<br \/>\n<strong>Coproduction<\/strong> Compagnie des Ogres<br \/>\nCr\u00e9ation dans le cadre des Controverses de la Com\u00e9die de Valence<\/p>\n<p><strong>Date de cr\u00e9ation Janvier 2018<\/strong><\/p>\n<\/p>\n<p><strong>PROCHAINEMENT<br \/>\n25 mars 2021<\/strong> &#8211; <a href=\"https:\/\/www.amiens.fr\/Les-evenements\/Digital-Natives\"><strong>Maison du Th\u00e9\u00e2tre<\/strong><\/a>, Amiens<\/p>\n<\/p>\n<p style=\"text-align: justify;\"><span style=\"text-decoration: underline;\">DIFFUSION 2017\/18<br \/>\n<\/span><strong>15 &gt; 22 janvier 2018<\/strong> &#8211; <a href=\"http:\/\/www.comediedevalence.com\/la-saison\/toute-la-saison-1718\/pages-saison\/digital-natives-1\/\" target=\"_blank\" rel=\"noopener noreferrer\"><strong>Cr\u00e9ation \u00e0 La Fabrique<\/strong><\/a>, Valence<br \/>\n<strong>26 janvier &gt; 14 f\u00e9vrier 2018<\/strong> &#8211; <a href=\"http:\/\/www.comediedevalence.com\/la-saison\/toute-la-saison-1718\/pages-saison\/digital-natives\/\" target=\"_blank\" rel=\"noopener noreferrer\"><strong>Tourn\u00e9e en Com\u00e9die Itin\u00e9rante<\/strong><\/a><\/p>\n<p>Toutes les dates de la tourn\u00e9e en Com\u00e9die Itin\u00e9rante:<\/p>\n<p><a title=\"La Chapelle-en-Vercors \u2014 Salle polyvalente\" href=\"https:\/\/www.gralon.net\/tourisme\/sports-et-loisirs\/info-salle-polyvalente-la-chapelle-en-vercors-13023.htm\" target=\"_blank\" rel=\"noopener noreferrer\"><strong>La Chapelle-en-Vercors\u00a0<\/strong>\u2014\u00a0\u00a0<\/a><strong><a title=\"La Chapelle-en-Vercors \u2014 Salle polyvalente\" href=\"https:\/\/www.gralon.net\/tourisme\/sports-et-loisirs\/info-salle-polyvalente-la-chapelle-en-vercors-13023.htm\" target=\"_blank\" rel=\"noopener noreferrer\">Salle polyvalente<\/a><\/strong><br \/>\n<strong>Vendredi 26 janvier 18h et 20h<\/strong><br \/>\nR\u00e9servations : Communaut\u00e9 de Communes du Royans-Vercors &#8211; 04 75 48 55 46<\/p>\n<p><a title=\"Jaillans \u2014 Salle polyvalente l'ERA\" href=\"https:\/\/fr.mappy.com\/#\/1\/M2\/TSearch\/SJaillans%2C+26300\/N151.12061,6.11309,5.17425,45.02818\/Z11\/\" target=\"_blank\" rel=\"noopener noreferrer\"><strong>Jaillans<\/strong> \u2014 <\/a><strong><a title=\"Jaillans \u2014 Salle polyvalente l'ERA\" href=\"https:\/\/fr.mappy.com\/#\/1\/M2\/TSearch\/SJaillans%2C+26300\/N151.12061,6.11309,5.17425,45.02818\/Z11\/\" target=\"_blank\" rel=\"noopener noreferrer\">Salle polyvalente l&rsquo;ERA<\/a><\/strong><br \/>\n<strong>Mardi 30 janvier 20h <\/strong><br \/>\nR\u00e9servations : Mairie de Jaillans &#8211; 04 75 48 83 99<\/p>\n<p><a title=\"St-Donat-sur-l'Herbasse \u2014 Espace des collines\" href=\"https:\/\/www.google.fr\/maps\/dir\/''\/Espace+des+collines,+Avenue+G%C3%A9n%C3%A9ral+de+Gaulle,+26260+Saint-Donat-sur-l'Herbasse\/@45.1220486,4.9142302,12z\/data=!4m8!4m7!1m0!1m5!1m1!1s0x47f5492e3bd8a48f:0xf30e305b0fbc4b81!2m2!1d4.98427!2d45.12207\" target=\"_blank\" rel=\"noopener noreferrer\"><strong>St-Donat-sur-l&rsquo;Herbasse <\/strong>\u2014 <\/a><strong><a title=\"St-Donat-sur-l'Herbasse \u2014 Espace des collines\" href=\"https:\/\/www.google.fr\/maps\/dir\/''\/Espace+des+collines,+Avenue+G%C3%A9n%C3%A9ral+de+Gaulle,+26260+Saint-Donat-sur-l'Herbasse\/@45.1220486,4.9142302,12z\/data=!4m8!4m7!1m0!1m5!1m1!1s0x47f5492e3bd8a48f:0xf30e305b0fbc4b81!2m2!1d4.98427!2d45.12207\" target=\"_blank\" rel=\"noopener noreferrer\">Espace des collines\u00a0<\/a><\/strong><br \/>\n<strong>Mercredi 31 janvier 20h<\/strong><br \/>\nR\u00e9servations : MJC du Pays de l&rsquo;Herbasse &#8211; 04 75 45 12 36<\/p>\n<p><a title=\"Colombier-le-Vieux \u2014 Salle culturelle\" href=\"https:\/\/www.gralon.net\/mairies-france\/ardeche\/equipement-sportif-salle-culturelle-salle-culturelle-colombier-le-vieux-305535.htm\" target=\"_blank\" rel=\"noopener noreferrer\"><strong>Colombier-le-Vieux<\/strong> \u2014<\/a><strong><a title=\"Colombier-le-Vieux \u2014 Salle culturelle\" href=\"https:\/\/www.gralon.net\/mairies-france\/ardeche\/equipement-sportif-salle-culturelle-salle-culturelle-colombier-le-vieux-305535.htm\" target=\"_blank\" rel=\"noopener noreferrer\"> Salle culturelle<\/a><\/strong><br \/>\n<strong>Jeudi 01 f\u00e9vrier 20h<\/strong><br \/>\nR\u00e9servations : Association culturelle &#8211; 06 81 43 50 04<\/p>\n<p><a title=\"Lamastre \u2014 Centre culturel\" href=\"https:\/\/www.google.fr\/maps\/dir\/''\/Centre+Culturel+de+Lamastre,+07270+Lamastre\/@44.9849096,4.5073776,12z\/data=!4m8!4m7!1m0!1m5!1m1!1s0x47f564aa575d3485:0x8195ef0a5d2b6294!2m2!1d4.5774174!2d44.984931\" target=\"_blank\" rel=\"noopener noreferrer\"><strong>Lamastre <\/strong>\u2014 <\/a><strong><a title=\"Lamastre \u2014 Centre culturel\" href=\"https:\/\/www.google.fr\/maps\/dir\/''\/Centre+Culturel+de+Lamastre,+07270+Lamastre\/@44.9849096,4.5073776,12z\/data=!4m8!4m7!1m0!1m5!1m1!1s0x47f564aa575d3485:0x8195ef0a5d2b6294!2m2!1d4.5774174!2d44.984931\" target=\"_blank\" rel=\"noopener noreferrer\">Centre culturel<\/a><\/strong><br \/>\n<strong>Vendredi 02 f\u00e9vrier 20h<\/strong><br \/>\nR\u00e9servations : Office de Tourisme de Lamastre &#8211; 04 75 06 48 99 ou 06 09 07 00 99<\/p>\n<p><a title=\"Valence, Fontbarlettes \u2014 Maison des syndicats\" href=\"https:\/\/www.google.fr\/maps\/dir\/''\/Valence,+Fontbarlettes+%E2%80%94+Maison+des+syndicats\/@44.9285335,4.8535217,12z\/data=!4m8!4m7!1m0!1m5!1m1!1s0x47f557a1069b0d13:0x1f7b095635137818!2m2!1d4.9235615!2d44.9285549\" target=\"_blank\" rel=\"noopener noreferrer\"><strong>Valence, Fontbarlettes<\/strong> \u2014 <\/a><strong><a title=\"Valence, Fontbarlettes \u2014 Maison des syndicats\" href=\"https:\/\/www.google.fr\/maps\/dir\/''\/Valence,+Fontbarlettes+%E2%80%94+Maison+des+syndicats\/@44.9285335,4.8535217,12z\/data=!4m8!4m7!1m0!1m5!1m1!1s0x47f557a1069b0d13:0x1f7b095635137818!2m2!1d4.9235615!2d44.9285549\" target=\"_blank\" rel=\"noopener noreferrer\">Maison des syndicats\u00a0<\/a><\/strong><br \/>\n<strong>Lundi 05 f\u00e9vrier 19h <\/strong><br \/>\nR\u00e9servations : MPT de Fontbarlettes &#8211; 04 75 42 04 63<\/p>\n<p><a title=\"St-D\u00e9sirat \u2014 Salle des f\u00eates\" href=\"https:\/\/www.google.fr\/maps\/dir\/''\/Salle+de+F%C3%AAte+de+St-Desirat,+07340+Saint-D%C3%A9sirat\/@45.2543767,4.7150831,12z\/data=!4m8!4m7!1m0!1m5!1m1!1s0x47f5158a951e2297:0x2602b06e7d417b4f!2m2!1d4.7851229!2d45.2543981\" target=\"_blank\" rel=\"noopener noreferrer\"><strong>St-D\u00e9sirat <\/strong>\u2014 <strong>Salle des f\u00eates<\/strong>\u00a0<\/a><br \/>\n<strong>Mardi 06 f\u00e9vrier 20h <\/strong><br \/>\nR\u00e9servations : AEP Loisirs Sportifs et Culturels &#8211; 06 79 77 33 08<\/p>\n<p><a title=\"Mirabel-et-Blacons \u2014 Salle polyvalente\" href=\"https:\/\/www.gralon.net\/mairies-france\/drome\/equipements-sportifs-salles-polyvalentes---des-fetes---non-specialisees-26183.htm\" target=\"_blank\" rel=\"noopener noreferrer\"><strong>Mirabel-et-Blacons <\/strong>\u2014 <\/a><strong><a title=\"Mirabel-et-Blacons \u2014 Salle polyvalente\" href=\"https:\/\/www.gralon.net\/mairies-france\/drome\/equipements-sportifs-salles-polyvalentes---des-fetes---non-specialisees-26183.htm\" target=\"_blank\" rel=\"noopener noreferrer\">Salle polyvalente\u00a0<\/a><\/strong><br \/>\n<strong>Mercredi 07 f\u00e9vrier 20h <\/strong><br \/>\nR\u00e9servations : MJC-Centre social Nini Chaize &#8211; 04 75 25 14 20<\/p>\n<p><a title=\"Vinsobres \u2014 Salle des f\u00eates\" href=\"https:\/\/fr.mappy.com\/activite\/salles-des-fetes\/26110-vinsobres#\/0\/M2\/Tsalles-des-fetes\/N151.12061,6.11309,5.06115,44.33344\/Z11\/\" target=\"_blank\" rel=\"noopener noreferrer\"><strong>Vinsobres<\/strong> \u2014 <\/a><strong><a title=\"Vinsobres \u2014 Salle des f\u00eates\" href=\"https:\/\/fr.mappy.com\/activite\/salles-des-fetes\/26110-vinsobres#\/0\/M2\/Tsalles-des-fetes\/N151.12061,6.11309,5.06115,44.33344\/Z11\/\" target=\"_blank\" rel=\"noopener noreferrer\">Salle des f\u00eates\u00a0<\/a><\/strong><br \/>\n<strong>Jeudi 08 f\u00e9vrier 20h <\/strong><br \/>\nR\u00e9servations : L&rsquo;Abeille Vinsobraise &#8211; 06 88 65 97 47<\/p>\n<p><a title=\"Annonay, EHPAD \u2014 AHPAD Mon foyer\" href=\"https:\/\/fr.mappy.com\/#\/2\/M2\/TGeoentity\/SEHPAD+La+Clairi%C3%A8re+-+rue+de+la+Lombardi%C3%A8re%2C+07430+Dav%C3%A9zieux\/F50aff0c484ae616f72b225cc\/N151.12061,6.11309,4.66768,45.24046\/Z15\/\" target=\"_blank\" rel=\"noopener noreferrer\"><strong>Annonay, EHPAD <\/strong>\u2014 <\/a><strong><a title=\"Annonay, EHPAD \u2014 AHPAD Mon foyer\" href=\"https:\/\/fr.mappy.com\/#\/2\/M2\/TGeoentity\/SEHPAD+La+Clairi%C3%A8re+-+rue+de+la+Lombardi%C3%A8re%2C+07430+Dav%C3%A9zieux\/F50aff0c484ae616f72b225cc\/N151.12061,6.11309,4.66768,45.24046\/Z15\/\" target=\"_blank\" rel=\"noopener noreferrer\">AHPAD Mon foyer<\/a><\/strong><br \/>\n<strong>Mardi 13 f\u00e9vrier 20h <\/strong><br \/>\nR\u00e9servations : EHPAD Mon Foyer &#8211; 04 75 33 43 99<\/p>\n<p><a title=\"Valence Fontlozier \u2014 Centre Les Baumes\" href=\"https:\/\/www.google.com\/maps\/dir\/\/44.9111845,4.8901539\/@44.911185,4.890154,15z?hl=fr-FR\" target=\"_blank\" rel=\"noopener noreferrer\"><strong>Valence Fontlozier<\/strong>\u00a0\u2014\u00a0 <\/a><strong><a title=\"Valence Fontlozier \u2014 Centre Les Baumes\" href=\"https:\/\/www.google.com\/maps\/dir\/\/44.9111845,4.8901539\/@44.911185,4.890154,15z?hl=fr-FR\" target=\"_blank\" rel=\"noopener noreferrer\">Centre Les Baumes\u00a0<\/a><\/strong><br \/>\n<strong>Mercredi 14 f\u00e9vrier 20h <\/strong><br \/>\nR\u00e9servations : L&rsquo;ADAPT Centre les Baumes &#8211; 04 75 81 64 64<\/p>\n<p><strong>Centre p\u00e9nitentiaire <\/strong>\u2014 Jeudi 15 f\u00e9vrier<\/p>\n<p><span style=\"border-radius: 2px; text-indent: 20px; width: auto; padding: 0px 4px 0px 0px; text-align: center; font: bold 11px\/20px 'Helvetica Neue',Helvetica,sans-serif; color: #ffffff; background: #bd081c  no-repeat scroll 3px 50% \/ 14px 14px; position: absolute; opacity: 1; z-index: 8675309; display: none; cursor: pointer;\">Enregistrer<\/span><\/p>\n<p><span style=\"border-radius: 2px; text-indent: 20px; width: auto; padding: 0px 4px 0px 0px; text-align: center; font: bold 11px\/20px 'Helvetica Neue',Helvetica,sans-serif; color: #ffffff; background: #bd081c  no-repeat scroll 3px 50% \/ 14px 14px; position: absolute; opacity: 1; z-index: 8675309; display: none; cursor: pointer;\">Enregistrer<\/span><\/p>\n<p><span style=\"border-radius: 2px; text-indent: 20px; width: auto; padding: 0px 4px 0px 0px; text-align: center; font: bold 11px\/20px 'Helvetica Neue',Helvetica,sans-serif; color: #ffffff; background: #bd081c  no-repeat scroll 3px 50% \/ 14px 14px; position: absolute; opacity: 1; z-index: 8675309; display: none; cursor: pointer;\">Enregistrer<\/span><\/p>\n","protected":false},"excerpt":{"rendered":"<p>Spectacle \u00e0 partir de 9 ans Sofia d\u00e9cide de fuguer avec Lyne, une fille de son coll\u00e8ge, pour retrouver son p\u00e8re. Elles r\u00eavent toutes les deux d\u2019une vie diff\u00e9rente. Sofia est une fille populaire dont la m\u00e8re partage le quotidien sur les r\u00e9seaux sociaux depuis la naissance. Lyne est une fille r\u00e9serv\u00e9e, maladroite, qui a &hellip; <a href=\"https:\/\/ciedesogres.com\/wdp1\/digital-natives\/\" class=\"more-link\">Continuer la lecture de <span class=\"screen-reader-text\">DIGITAL NATIVES<\/span>  <span class=\"meta-nav\">&rarr;<\/span><\/a><\/p>\n","protected":false},"author":1,"featured_media":0,"parent":0,"menu_order":0,"comment_status":"closed","ping_status":"closed","template":"","meta":{"footnotes":""},"class_list":["post-1123","page","type-page","status-publish","hentry"],"_links":{"self":[{"href":"https:\/\/ciedesogres.com\/wdp1\/wp-json\/wp\/v2\/pages\/1123","targetHints":{"allow":["GET"]}}],"collection":[{"href":"https:\/\/ciedesogres.com\/wdp1\/wp-json\/wp\/v2\/pages"}],"about":[{"href":"https:\/\/ciedesogres.com\/wdp1\/wp-json\/wp\/v2\/types\/page"}],"author":[{"embeddable":true,"href":"https:\/\/ciedesogres.com\/wdp1\/wp-json\/wp\/v2\/users\/1"}],"replies":[{"embeddable":true,"href":"https:\/\/ciedesogres.com\/wdp1\/wp-json\/wp\/v2\/comments?post=1123"}],"version-history":[{"count":12,"href":"https:\/\/ciedesogres.com\/wdp1\/wp-json\/wp\/v2\/pages\/1123\/revisions"}],"predecessor-version":[{"id":1859,"href":"https:\/\/ciedesogres.com\/wdp1\/wp-json\/wp\/v2\/pages\/1123\/revisions\/1859"}],"wp:attachment":[{"href":"https:\/\/ciedesogres.com\/wdp1\/wp-json\/wp\/v2\/media?parent=1123"}],"curies":[{"name":"wp","href":"https:\/\/api.w.org\/{rel}","templated":true}]}}